[INFO] cloning repository https://github.com/Tresdin-commander/blockchain
[INFO] running `Command { std: "git" "-c" "credential.helper=" "-c" "credential.helper=/workspace/cargo-home/bin/git-credential-null" "clone" "--bare" "https://github.com/Tresdin-commander/blockchain" "/workspace/cache/git-repos/https%3A%2F%2Fgithub.com%2FTresdin-commander%2Fblockchain", kill_on_drop: false }`
[INFO] [stderr] Cloning into bare repository '/workspace/cache/git-repos/https%3A%2F%2Fgithub.com%2FTresdin-commander%2Fblockchain'...
[INFO] running `Command { std: "git" "rev-parse" "HEAD", kill_on_drop: false }`
[INFO] [stdout] 7677cc68fa141227a023afb683fcd321f2907b1b
[INFO] checking Tresdin-commander/blockchain against master#e6e4f7ed1589e03bc2f6c5931c1a72e7947e8682 for beta-170-4
[INFO] running `Command { std: "git" "clone" "/workspace/cache/git-repos/https%3A%2F%2Fgithub.com%2FTresdin-commander%2Fblockchain" "/workspace/builds/worker-2-tc2/source", kill_on_drop: false }`
[INFO] [stderr] Cloning into '/workspace/builds/worker-2-tc2/source'...
[INFO] [stderr] done.
[INFO] validating manifest of git repo https://github.com/Tresdin-commander/blockchain on toolchain e6e4f7ed1589e03bc2f6c5931c1a72e7947e8682
[INFO] running `Command { std: CARGO_HOME="/workspace/cargo-home" RUSTUP_HOME="/workspace/rustup-home" "/workspace/cargo-home/bin/cargo" "+e6e4f7ed1589e03bc2f6c5931c1a72e7947e8682" "metadata" "--manifest-path" "Cargo.toml" "--no-deps", kill_on_drop: false }`
[INFO] removed /workspace/builds/worker-2-tc2/source/rust-toolchain
[INFO] started tweaking git repo https://github.com/Tresdin-commander/blockchain
[INFO] finished tweaking git repo https://github.com/Tresdin-commander/blockchain
[INFO] tweaked toml for git repo https://github.com/Tresdin-commander/blockchain written to /workspace/builds/worker-2-tc2/source/Cargo.toml
[INFO] crate git repo https://github.com/Tresdin-commander/blockchain already has a lockfile, it will not be regenerated
[INFO] running `Command { std: CARGO_HOME="/workspace/cargo-home" RUSTUP_HOME="/workspace/rustup-home" "/workspace/cargo-home/bin/cargo" "+e6e4f7ed1589e03bc2f6c5931c1a72e7947e8682" "fetch" "--manifest-path" "Cargo.toml", kill_on_drop: false }`
[INFO] running `Command { std: "docker" "create" "-v" "/var/lib/crater-agent-workspace/builds/worker-2-tc2/target:/opt/rustwide/target:rw,Z" "-v" "/var/lib/crater-agent-workspace/builds/worker-2-tc2/source:/opt/rustwide/workdir:ro,Z" "-v" "/var/lib/crater-agent-workspace/cargo-home:/opt/rustwide/cargo-home:ro,Z" "-v" "/var/lib/crater-agent-workspace/rustup-home:/opt/rustwide/rustup-home:ro,Z" "-e" "SOURCE_DIR=/opt/rustwide/workdir" "-e" "CARGO_TARGET_DIR=/opt/rustwide/target" "-e" "CARGO_HOME=/opt/rustwide/cargo-home" "-e" "RUSTUP_HOME=/opt/rustwide/rustup-home" "-w" "/opt/rustwide/workdir" "-m" "1610612736" "--user" "0:0" "--network" "none" "ghcr.io/rust-lang/crates-build-env/linux@sha256:19e73879b68f455e41552ea35293514db52ea292d993f571636dbffedb77a1ee" "/opt/rustwide/cargo-home/bin/cargo" "+e6e4f7ed1589e03bc2f6c5931c1a72e7947e8682" "metadata" "--no-deps" "--format-version=1", kill_on_drop: false }`
[INFO] [stdout] c613cb5490514c06a5e98ec93d0561f934b6859ea9ec0e3e092513645d36bc3b
[INFO] running `Command { std: "docker" "start" "-a" "c613cb5490514c06a5e98ec93d0561f934b6859ea9ec0e3e092513645d36bc3b", kill_on_drop: false }`
[INFO] running `Command { std: "docker" "inspect" "c613cb5490514c06a5e98ec93d0561f934b6859ea9ec0e3e092513645d36bc3b", kill_on_drop: false }`
[INFO] running `Command { std: "docker" "rm" "-f" "c613cb5490514c06a5e98ec93d0561f934b6859ea9ec0e3e092513645d36bc3b", kill_on_drop: false }`
[INFO] [stdout] c613cb5490514c06a5e98ec93d0561f934b6859ea9ec0e3e092513645d36bc3b
[INFO] running `Command { std: "docker" "create" "-v" "/var/lib/crater-agent-workspace/builds/worker-2-tc2/target:/opt/rustwide/target:rw,Z" "-v" "/var/lib/crater-agent-workspace/builds/worker-2-tc2/source:/opt/rustwide/workdir:ro,Z" "-v" "/var/lib/crater-agent-workspace/cargo-home:/opt/rustwide/cargo-home:ro,Z" "-v" "/var/lib/crater-agent-workspace/rustup-home:/opt/rustwide/rustup-home:ro,Z" "-e" "SOURCE_DIR=/opt/rustwide/workdir" "-e" "CARGO_TARGET_DIR=/opt/rustwide/target" "-e" "CARGO_INCREMENTAL=0" "-e" "RUST_BACKTRACE=full" "-e" "RUSTFLAGS=--cap-lints=forbid" "-e" "RUSTDOCFLAGS=--cap-lints=forbid" "-e" "CARGO_HOME=/opt/rustwide/cargo-home" "-e" "RUSTUP_HOME=/opt/rustwide/rustup-home" "-w" "/opt/rustwide/workdir" "-m" "1610612736" "--user" "0:0" "--network" "none" "ghcr.io/rust-lang/crates-build-env/linux@sha256:19e73879b68f455e41552ea35293514db52ea292d993f571636dbffedb77a1ee" "/opt/rustwide/cargo-home/bin/cargo" "+e6e4f7ed1589e03bc2f6c5931c1a72e7947e8682" "check" "--frozen" "--all" "--all-targets" "--message-format=json", kill_on_drop: false }`
[INFO] [stdout] eb3639836e6cf491e965c188c8b0f8a6190c5874e657bc08b23f202f33f6c2d4
[INFO] running `Command { std: "docker" "start" "-a" "eb3639836e6cf491e965c188c8b0f8a6190c5874e657bc08b23f202f33f6c2d4", kill_on_drop: false }`
[INFO] [stderr]    Compiling libc v0.2.58
[INFO] [stderr]    Compiling spin v0.5.0
[INFO] [stderr]    Compiling cfg-if v0.1.7
[INFO] [stderr]    Compiling rayon-core v1.5.0
[INFO] [stderr]    Compiling scopeguard v0.3.3
[INFO] [stderr]    Compiling nodrop v0.1.13
[INFO] [stderr]    Compiling memoffset v0.2.1
[INFO] [stderr]    Compiling either v1.5.1
[INFO] [stderr]    Compiling proc-macro2 v0.4.27
[INFO] [stderr]    Compiling syn v0.15.29
[INFO] [stderr]    Compiling serde v1.0.93
[INFO] [stderr]     Checking rand_core v0.4.0
[INFO] [stderr]    Compiling backtrace v0.3.20
[INFO] [stderr]    Compiling rand v0.6.5
[INFO] [stderr]     Checking rustc-demangle v0.1.13
[INFO] [stderr]    Compiling arrayvec v0.4.10
[INFO] [stderr]     Checking log v0.4.6
[INFO] [stderr]    Compiling lazy_static v1.3.0
[INFO] [stderr]     Checking fnv v1.0.6
[INFO] [stderr]    Compiling crossbeam-utils v0.6.5
[INFO] [stderr]    Compiling parking_lot_core v0.4.0
[INFO] [stderr]     Checking fixedbitset v0.1.9
[INFO] [stderr]     Checking rand_core v0.3.1
[INFO] [stderr]     Checking rand_jitter v0.1.3
[INFO] [stderr]     Checking rand_pcg v0.1.2
[INFO] [stderr]     Checking rand_isaac v0.1.1
[INFO] [stderr]     Checking rand_xorshift v0.1.1
[INFO] [stderr]     Checking rand_chacha v0.1.1
[INFO] [stderr]     Checking rand_hc v0.1.0
[INFO] [stderr]     Checking stable_deref_trait v1.1.1
[INFO] [stderr]     Checking ordermap v0.3.5
[INFO] [stderr]    Compiling heapsize v0.4.2
[INFO] [stderr]    Compiling memchr v2.2.0
[INFO] [stderr]     Checking owning_ref v0.4.0
[INFO] [stderr]     Checking futures v0.1.28
[INFO] [stderr]    Compiling faster-hex v0.1.1
[INFO] [stderr]    Compiling regex v1.1.7
[INFO] [stderr]    Compiling bitflags v1.1.0
[INFO] [stderr]     Checking crossbeam-channel v0.3.8
[INFO] [stderr]    Compiling crossbeam-epoch v0.7.1
[INFO] [stderr]    Compiling crossbeam-queue v0.1.2
[INFO] [stderr]     Checking lock_api v0.1.5
[INFO] [stderr]     Checking ucd-util v0.1.3
[INFO] [stderr]     Checking itoa v0.4.3
[INFO] [stderr]     Checking faster-hex v0.3.1
[INFO] [stderr]     Checking regex-syntax v0.6.6
[INFO] [stderr]     Checking petgraph v0.4.13
[INFO] [stderr]     Checking thread_local v0.3.6
[INFO] [stderr]     Checking utf8-ranges v1.0.2
[INFO] [stderr]    Compiling crossbeam-deque v0.6.3
[INFO] [stderr]    Compiling bincode v1.1.3
[INFO] [stderr]     Checking merkle-cbt v0.2.1
[INFO] [stderr]     Checking linked-hash-map v0.5.1 (https://github.com/nervosnetwork/linked-hash-map?rev=df27f21#df27f219)
[INFO] [stderr]     Checking bit-vec v0.5.1
[INFO] [stderr]    Compiling build_const v0.2.1
[INFO] [stderr]    Compiling num-traits v0.2.6
[INFO] [stderr]    Compiling siphasher v0.2.3
[INFO] [stderr]    Compiling crc32fast v1.2.0
[INFO] [stderr]    Compiling num_cpus v1.10.1
[INFO] [stderr]    Compiling quote v0.6.11
[INFO] [stderr]    Compiling rand v0.5.6
[INFO] [stderr]     Checking rand_os v0.1.3
[INFO] [stderr]     Checking iovec v0.1.2
[INFO] [stderr]     Checking thread-id v3.3.0
[INFO] [stderr]    Compiling crc v1.8.1
[INFO] [stderr]     Checking time v0.1.42
[INFO] [stderr]    Compiling phf_shared v0.7.24
[INFO] [stderr]     Checking aho-corasick v0.7.3
[INFO] [stderr]     Checking atty v0.2.11
[INFO] [stderr]    Compiling rayon v1.1.0
[INFO] [stderr]     Checking quick-error v1.2.2
[INFO] [stderr]    Compiling ryu v0.2.7
[INFO] [stderr]    Compiling num-integer v0.1.39
[INFO] [stderr]     Checking getrandom v0.1.6
[INFO] [stderr]     Checking humantime v1.2.0
[INFO] [stderr]     Checking flatbuffers v0.6.0
[INFO] [stderr]    Compiling rand_chacha v0.2.0
[INFO] [stderr]     Checking termcolor v1.0.4
[INFO] [stderr]     Checking c2-chacha v0.2.2
[INFO] [stderr]     Checking rand_core v0.5.0
[INFO] [stderr]     Checking adler32 v1.0.3
[INFO] [stderr]     Checking remove_dir_all v0.5.1
[INFO] [stderr]     Checking miniz_oxide v0.2.1
[INFO] [stderr]     Checking rand v0.7.0
[INFO] [stderr]    Compiling same-file v1.0.4
[INFO] [stderr]    Compiling glob v0.2.11
[INFO] [stderr]     Checking phf v0.7.24
[INFO] [stderr]    Compiling walkdir v2.2.8
[INFO] [stderr]    Compiling nom v4.2.3
[INFO] [stderr]    Compiling phf_generator v0.7.24
[INFO] [stderr]    Compiling unicode-width v0.1.5
[INFO] [stderr]    Compiling phf_codegen v0.7.24
[INFO] [stderr]    Compiling textwrap v0.11.0
[INFO] [stderr]    Compiling bindgen v0.47.3
[INFO] [stderr]    Compiling clang-sys v0.26.4
[INFO] [stderr]     Checking linked-hash-map v0.5.2
[INFO] [stderr]    Compiling strsim v0.8.0
[INFO] [stderr]    Compiling ansi_term v0.11.0
[INFO] [stderr]    Compiling vec_map v0.8.1
[INFO] [stderr]    Compiling hashbrown v0.1.8
[INFO] [stderr]     Checking flatbuffers-verifier v0.2.0
[INFO] [stderr]    Compiling peeking_take_while v0.1.2
[INFO] [stderr]     Checking tempfile v3.1.0
[INFO] [stderr]     Checking lru-cache v0.1.0 (https://github.com/nervosnetwork/lru-cache?rev=a35fdb8#a35fdb81)
[INFO] [stderr]     Checking siphasher v0.3.0
[INFO] [stderr]    Compiling clap v2.33.0
[INFO] [stderr]    Compiling typenum v1.10.0
[INFO] [stderr]     Checking tokio-executor v0.1.7
[INFO] [stderr]    Compiling scroll v0.9.2
[INFO] [stderr]     Checking net2 v0.2.33
[INFO] [stderr]     Checking plain v0.2.3
[INFO] [stderr]     Checking ckb-vm-definitions v0.13.0
[INFO] [stderr]     Checking tokio-sync v0.1.4
[INFO] [stderr]     Checking faketime v0.2.0
[INFO] [stderr]     Checking crossbeam-deque v0.7.1
[INFO] [stderr]     Checking tokio-timer v0.2.10
[INFO] [stderr]     Checking tokio-current-thread v0.1.6
[INFO] [stderr]     Checking tokio-trace-core v0.1.0
[INFO] [stderr]     Checking mio v0.6.19
[INFO] [stderr]    Compiling cc v1.0.26
[INFO] [stderr]     Checking tokio-threadpool v0.1.13
[INFO] [stderr]    Compiling cexpr v0.3.5
[INFO] [stderr]    Compiling pkg-config v0.3.14
[INFO] [stderr]     Checking opaque-debug v0.2.2
[INFO] [stderr]     Checking byte-tools v0.3.1
[INFO] [stderr]     Checking subtle v1.0.0
[INFO] [stderr]    Compiling crunchy v0.1.6
[INFO] [stderr]     Checking block-padding v0.1.3
[INFO] [stderr]    Compiling httparse v1.3.3
[INFO] [stderr]    Compiling unicase v2.3.0
[INFO] [stderr]     Checking string v0.1.3
[INFO] [stderr]     Checking try-lock v0.2.2
[INFO] [stderr]     Checking indexmap v1.0.2
[INFO] [stderr]     Checking env_logger v0.6.1
[INFO] [stderr]     Checking fake-simd v0.1.2
[INFO] [stderr]     Checking want v0.0.6
[INFO] [stderr]     Checking futures-cpupool v0.1.8
[INFO] [stderr]     Checking mio-uds v0.6.7
[INFO] [stderr]     Checking rand v0.4.6
[INFO] [stderr]     Checking unsigned-varint v0.2.2
[INFO] [stderr]     Checking tiny-keccak v1.4.3
[INFO] [stderr]     Checking xml-rs v0.7.0
[INFO] [stderr]    Compiling openssl v0.10.20
[INFO] [stderr]     Checking sha1 v0.6.0
[INFO] [stderr]     Checking bs58 v0.2.2
[INFO] [stderr]     Checking arrayref v0.3.5
[INFO] [stderr]    Compiling native-tls v0.2.2
[INFO] [stderr]     Checking data-encoding v2.1.2
[INFO] [stderr]    Compiling mime_guess v2.0.0-alpha.6
[INFO] [stderr]    Compiling encoding_rs v0.8.17
[INFO] [stderr]     Checking openssl-probe v0.1.2
[INFO] [stderr]     Checking mime v0.3.13
[INFO] [stderr]     Checking cookie v0.12.0
[INFO] [stderr]    Compiling im v12.3.4
[INFO] [stderr]     Checking generic-array v0.12.0
[INFO] [stderr]     Checking try_from v0.3.2
[INFO] [stderr]     Checking dtoa v0.4.3
[INFO] [stderr]     Checking xmltree v0.8.0
[INFO] [stderr]     Checking sized-chunks v0.1.2
[INFO] [stderr]    Compiling sentry v0.15.5
[INFO] [stderr]     Checking rand v0.3.23
[INFO] [stderr]     Checking lru-cache v0.1.2
[INFO] [stderr]     Checking generic-channel v0.2.0
[INFO] [stderr]     Checking hostname v0.1.5
[INFO] [stderr]     Checking digest v0.8.0
[INFO] [stderr]     Checking crypto-mac v0.7.0
[INFO] [stderr]     Checking block-cipher-trait v0.6.2
[INFO] [stderr]     Checking block-buffer v0.7.3
[INFO] [stderr]     Checking stream-cipher v0.3.0
[INFO] [stderr]     Checking uname v0.1.1
[INFO] [stderr]    Compiling backtrace-sys v0.1.28
[INFO] [stderr]    Compiling blake2b-rs v0.1.4
[INFO] [stderr]    Compiling miniz_oxide_c_api v0.2.1
[INFO] [stderr]    Compiling miniz-sys v0.1.11
[INFO] [stderr]    Compiling libloading v0.5.0
[INFO] [stderr]    Compiling ckb-vm v0.13.0
[INFO] [stderr]    Compiling secp256k1 v0.12.2
[INFO] [stderr]    Compiling openssl-sys v0.9.43
[INFO] [stderr]     Checking sha2 v0.8.0
[INFO] [stderr]    Compiling ring v0.14.6
[INFO] [stderr]     Checking ctr v0.3.2
[INFO] [stderr]     Checking blake2 v0.8.0
[INFO] [stderr]     Checking aes-soft v0.3.3
[INFO] [stderr]     Checking hmac v0.7.0
[INFO] [stderr]     Checking twofish v0.2.0
[INFO] [stderr]     Checking aes-ctr v0.3.0
[INFO] [stderr]     Checking parity-multihash v0.1.0
[INFO] [stderr]     Checking ckb-hash v0.16.0-pre (/opt/rustwide/workdir/util/hash)
[INFO] [stderr]     Checking flate2 v1.0.7
[INFO] [stderr]    Compiling libsqlite3-sys v0.14.0
[INFO] [stderr] The following warnings were emitted during compilation:
[INFO] [stderr] 
[INFO] [stderr] warning: build/expando.c:4:24: error: pasting "RUST_VERSION_OPENSSL_" and "(" does not give a valid preprocessing token
[INFO] [stderr] warning:     4 | #define VERSION2(n, v) RUST_VERSION_##n##_##v
[INFO] [stderr] warning:       |                        ^~~~~~~~~~~~~
[INFO] [stderr] warning: build/expando.c:5:23: note: in expansion of macro 'VERSION2'
[INFO] [stderr] warning:     5 | #define VERSION(n, v) VERSION2(n, v)
[INFO] [stderr] warning:       |                       ^~~~~~~~
[INFO] [stderr] warning: build/expando.c:10:1: note: in expansion of macro 'VERSION'
[INFO] [stderr] warning:    10 | VERSION(OPENSSL, OPENSSL_VERSION_NUMBER)
[INFO] [stderr] warning:       | ^~~~~~~
[INFO] [stderr] 
[INFO] [stderr] error: failed to run custom build command for `openssl-sys v0.9.43`
[INFO] [stderr] note: To improve backtraces for build dependencies, set the CARGO_PROFILE_DEV_BUILD_OVERRIDE_DEBUG=true environment variable to enable debug information generation.
[INFO] [stderr] 
[INFO] [stderr] Caused by:
[INFO] [stderr]   process didn't exit successfully: `/opt/rustwide/target/debug/build/openssl-sys-60cabe096b53dc83/build-script-main` (exit status: 101)
[INFO] [stderr]   --- stdout
[INFO] [stderr]   cargo:rustc-cfg=const_fn
[INFO] [stderr]   cargo:rerun-if-env-changed=X86_64_UNKNOWN_LINUX_GNU_OPENSSL_LIB_DIR
[INFO] [stderr]   X86_64_UNKNOWN_LINUX_GNU_OPENSSL_LIB_DIR unset
[INFO] [stderr]   cargo:rerun-if-env-changed=OPENSSL_LIB_DIR
[INFO] [stderr]   OPENSSL_LIB_DIR unset
[INFO] [stderr]   cargo:rerun-if-env-changed=X86_64_UNKNOWN_LINUX_GNU_OPENSSL_INCLUDE_DIR
[INFO] [stderr]   X86_64_UNKNOWN_LINUX_GNU_OPENSSL_INCLUDE_DIR unset
[INFO] [stderr]   cargo:rerun-if-env-changed=OPENSSL_INCLUDE_DIR
[INFO] [stderr]   OPENSSL_INCLUDE_DIR unset
[INFO] [stderr]   cargo:rerun-if-env-changed=X86_64_UNKNOWN_LINUX_GNU_OPENSSL_DIR
[INFO] [stderr]   X86_64_UNKNOWN_LINUX_GNU_OPENSSL_DIR unset
[INFO] [stderr]   cargo:rerun-if-env-changed=OPENSSL_DIR
[INFO] [stderr]   OPENSSL_DIR unset
[INFO] [stderr]   cargo:rustc-link-lib=ssl
[INFO] [stderr]   cargo:rustc-link-lib=crypto
[INFO] [stderr]   OPT_LEVEL = Some("0")
[INFO] [stderr]   TARGET = Some("x86_64-unknown-linux-gnu")
[INFO] [stderr]   HOST = Some("x86_64-unknown-linux-gnu")
[INFO] [stderr]   CC_x86_64-unknown-linux-gnu = None
[INFO] [stderr]   CC_x86_64_unknown_linux_gnu = None
[INFO] [stderr]   HOST_CC = None
[INFO] [stderr]   CC = None
[INFO] [stderr]   CFLAGS_x86_64-unknown-linux-gnu = None
[INFO] [stderr]   CFLAGS_x86_64_unknown_linux_gnu = None
[INFO] [stderr]   HOST_CFLAGS = None
[INFO] [stderr]   CFLAGS = None
[INFO] [stderr]   DEBUG = Some("true")
[INFO] [stderr]   running: "cc" "-O0" "-ffunction-sections" "-fdata-sections" "-fPIC" "-g" "-fno-omit-frame-pointer" "-m64" "-Wall" "-Wextra" "-E" "build/expando.c"
[INFO] [stderr]   cargo:warning=build/expando.c:4:24: error: pasting "RUST_VERSION_OPENSSL_" and "(" does not give a valid preprocessing token
[INFO] [stderr]   cargo:warning=    4 | #define VERSION2(n, v) RUST_VERSION_##n##_##v
[INFO] [stderr]   cargo:warning=      |                        ^~~~~~~~~~~~~
[INFO] [stderr]   cargo:warning=build/expando.c:5:23: note: in expansion of macro 'VERSION2'
[INFO] [stderr]   cargo:warning=    5 | #define VERSION(n, v) VERSION2(n, v)
[INFO] [stderr]   cargo:warning=      |                       ^~~~~~~~
[INFO] [stderr]   cargo:warning=build/expando.c:10:1: note: in expansion of macro 'VERSION'
[INFO] [stderr]   cargo:warning=   10 | VERSION(OPENSSL, OPENSSL_VERSION_NUMBER)
[INFO] [stderr]   cargo:warning=      | ^~~~~~~
[INFO] [stderr]   exit status: 1
[INFO] [stderr] 
[INFO] [stderr]   --- stderr
[INFO] [stderr]   thread 'main' panicked at '
[INFO] [stderr]   Header expansion error:
[INFO] [stderr]   Error { kind: ToolExecError, message: "Command \"cc\" \"-O0\" \"-ffunction-sections\" \"-fdata-sections\" \"-fPIC\" \"-g\" \"-fno-omit-frame-pointer\" \"-m64\" \"-Wall\" \"-Wextra\" \"-E\" \"build/expando.c\" with args \"cc\" did not execute successfully (status code exit status: 1)." }
[INFO] [stderr] 
[INFO] [stderr]   Failed to find OpenSSL development headers.
[INFO] [stderr] 
[INFO] [stderr]   You can try fixing this setting the `OPENSSL_DIR` environment variable
[INFO] [stderr]   pointing to your OpenSSL installation or installing OpenSSL headers package
[INFO] [stderr]   specific to your distribution:
[INFO] [stderr] 
[INFO] [stderr]       # On Ubuntu
[INFO] [stderr]       sudo apt-get install libssl-dev
[INFO] [stderr]       # On Arch Linux
[INFO] [stderr]       sudo pacman -S openssl
[INFO] [stderr]       # On Fedora
[INFO] [stderr]       sudo dnf install openssl-devel
[INFO] [stderr] 
[INFO] [stderr]   See rust-openssl README for more information:
[INFO] [stderr] 
[INFO] [stderr]       https://github.com/sfackler/rust-openssl#linux
[INFO] [stderr]   ', /opt/rustwide/cargo-home/registry/src/index.crates.io-6f17d22bba15001f/openssl-sys-0.9.43/build/main.rs:126:13
[INFO] [stderr]   stack backtrace:
[INFO] [stderr]      0:     0x55eccbdbe6b1 - std::backtrace_rs::backtrace::libunwind::trace::ha9d9de1bf4176bfa
[INFO] [stderr]                                  at /rustc/e6e4f7ed1589e03bc2f6c5931c1a72e7947e8682/library/std/src/../../backtrace/src/backtrace/libunwind.rs:93:5
[INFO] [stderr]      1:     0x55eccbdbe6b1 - std::backtrace_rs::backtrace::trace_unsynchronized::h165c36ef694ada1c
[INFO] [stderr]                                  at /rustc/e6e4f7ed1589e03bc2f6c5931c1a72e7947e8682/library/std/src/../../backtrace/src/backtrace/mod.rs:66:5
[INFO] [stderr]      2:     0x55eccbdbe6b1 - std::sys_common::backtrace::_print_fmt::h4d89c7ce1e89b43d
[INFO] [stderr]                                  at /rustc/e6e4f7ed1589e03bc2f6c5931c1a72e7947e8682/library/std/src/sys_common/backtrace.rs:65:5
[INFO] [stderr]      3:     0x55eccbdbe6b1 - <std::sys_common::backtrace::_print::DisplayBacktrace as core::fmt::Display>::fmt::hfc68e8a2f3b7b37c
[INFO] [stderr]                                  at /rustc/e6e4f7ed1589e03bc2f6c5931c1a72e7947e8682/library/std/src/sys_common/backtrace.rs:44:22
[INFO] [stderr]      4:     0x55eccbde059f - core::fmt::rt::Argument::fmt::hc7dd5538f3de21b7
[INFO] [stderr]                                  at /rustc/e6e4f7ed1589e03bc2f6c5931c1a72e7947e8682/library/core/src/fmt/rt.rs:138:9
[INFO] [stderr]      5:     0x55eccbde059f - core::fmt::write::hac9705ca9b43c249
[INFO] [stderr]                                  at /rustc/e6e4f7ed1589e03bc2f6c5931c1a72e7947e8682/library/core/src/fmt/mod.rs:1094:21
[INFO] [stderr]      6:     0x55eccbdbbe41 - std::io::Write::write_fmt::h7bc9466b47d6774b
[INFO] [stderr]                                  at /rustc/e6e4f7ed1589e03bc2f6c5931c1a72e7947e8682/library/std/src/io/mod.rs:1713:15
[INFO] [stderr]      7:     0x55eccbdbe4c5 - std::sys_common::backtrace::_print::h03072469d8150f3e
[INFO] [stderr]                                  at /rustc/e6e4f7ed1589e03bc2f6c5931c1a72e7947e8682/library/std/src/sys_common/backtrace.rs:47:5
[INFO] [stderr]      8:     0x55eccbdbe4c5 - std::sys_common::backtrace::print::hd0f67791f02b87ae
[INFO] [stderr]                                  at /rustc/e6e4f7ed1589e03bc2f6c5931c1a72e7947e8682/library/std/src/sys_common/backtrace.rs:34:9
[INFO] [stderr]      9:     0x55eccbdbfb97 - std::panicking::default_hook::{{closure}}::h7c8ccb2c703d1528
[INFO] [stderr]     10:     0x55eccbdbf984 - std::panicking::default_hook::h770c31d58b53801e
[INFO] [stderr]                                  at /rustc/e6e4f7ed1589e03bc2f6c5931c1a72e7947e8682/library/std/src/panicking.rs:288:9
[INFO] [stderr]     11:     0x55eccbdc004c - std::panicking::rust_panic_with_hook::hb50e58c42f5187f2
[INFO] [stderr]                                  at /rustc/e6e4f7ed1589e03bc2f6c5931c1a72e7947e8682/library/std/src/panicking.rs:705:13
[INFO] [stderr]     12:     0x55eccbdbff47 - std::panicking::begin_panic_handler::{{closure}}::h4d6093b91efbd52e
[INFO] [stderr]                                  at /rustc/e6e4f7ed1589e03bc2f6c5931c1a72e7947e8682/library/std/src/panicking.rs:597:13
[INFO] [stderr]     13:     0x55eccbdbeae6 - std::sys_common::backtrace::__rust_end_short_backtrace::h318963d1ef4510cb
[INFO] [stderr]                                  at /rustc/e6e4f7ed1589e03bc2f6c5931c1a72e7947e8682/library/std/src/sys_common/backtrace.rs:151:18
[INFO] [stderr]     14:     0x55eccbdbfc92 - rust_begin_unwind
[INFO] [stderr]                                  at /rustc/e6e4f7ed1589e03bc2f6c5931c1a72e7947e8682/library/std/src/panicking.rs:593:5
[INFO] [stderr]     15:     0x55eccbd2b693 - core::panicking::panic_fmt::h6ce9f4b93775846b
[INFO] [stderr]                                  at /rustc/e6e4f7ed1589e03bc2f6c5931c1a72e7947e8682/library/core/src/panicking.rs:67:14
[INFO] [stderr]     16:     0x55eccbd2fbe3 - build_script_main::validate_headers::h9674b95dfb0d2c19
[INFO] [stderr]     17:     0x55eccbd358da - build_script_main::find::try_pkg_config::h57a2efe5334a23de
[INFO] [stderr]     18:     0x55eccbd3476a - build_script_main::find::find_openssl_dir::h6ea9fab5185579b6
[INFO] [stderr]     19:     0x55eccbd345b2 - build_script_main::find::get_openssl::{{closure}}::h2f66e90aa7849e7a
[INFO] [stderr]     20:     0x55eccbd36f79 - core::option::Option<T>::unwrap_or_else::h8a12ffba874492cd
[INFO] [stderr]     21:     0x55eccbd343a1 - build_script_main::find::get_openssl::hdcb22abe4eff6e78
[INFO] [stderr]     22:     0x55eccbd2d805 - build_script_main::main::h87e51e3cac87a2a4
[INFO] [stderr]     23:     0x55eccbd324d3 - core::ops::function::FnOnce::call_once::h9f7a6e38b11459b5
[INFO] [stderr]     24:     0x55eccbd36776 - std::sys_common::backtrace::__rust_begin_short_backtrace::h6efd967c47e59ac4
[INFO] [stderr]     25:     0x55eccbd310f9 - std::rt::lang_start::{{closure}}::h6732a26f0dc92b2b
[INFO] [stderr]     26:     0x55eccbdb83f5 - core::ops::function::impls::<impl core::ops::function::FnOnce<A> for &F>::call_once::hb332f02ff9fc81e2
[INFO] [stderr]                                  at /rustc/e6e4f7ed1589e03bc2f6c5931c1a72e7947e8682/library/core/src/ops/function.rs:284:13
[INFO] [stderr]     27:     0x55eccbdb83f5 - std::panicking::try::do_call::hed879afea606d968
[INFO] [stderr]                                  at /rustc/e6e4f7ed1589e03bc2f6c5931c1a72e7947e8682/library/std/src/panicking.rs:500:40
[INFO] [stderr]     28:     0x55eccbdb83f5 - std::panicking::try::h395a878f3e4bd2f0
[INFO] [stderr]                                  at /rustc/e6e4f7ed1589e03bc2f6c5931c1a72e7947e8682/library/std/src/panicking.rs:464:19
[INFO] [stderr]     29:     0x55eccbdb83f5 - std::panic::catch_unwind::hb44b6ea043448d57
[INFO] [stderr]                                  at /rustc/e6e4f7ed1589e03bc2f6c5931c1a72e7947e8682/library/std/src/panic.rs:142:14
[INFO] [stderr]     30:     0x55eccbdb83f5 - std::rt::lang_start_internal::{{closure}}::h6184ba9e5b3e5fbf
[INFO] [stderr]                                  at /rustc/e6e4f7ed1589e03bc2f6c5931c1a72e7947e8682/library/std/src/rt.rs:148:48
[INFO] [stderr]     31:     0x55eccbdb83f5 - std::panicking::try::do_call::h8b2c97d4d3608274
[INFO] [stderr]                                  at /rustc/e6e4f7ed1589e03bc2f6c5931c1a72e7947e8682/library/std/src/panicking.rs:500:40
[INFO] [stderr]     32:     0x55eccbdb83f5 - std::panicking::try::hfa4cc536e097f1fe
[INFO] [stderr]                                  at /rustc/e6e4f7ed1589e03bc2f6c5931c1a72e7947e8682/library/std/src/panicking.rs:464:19
[INFO] [stderr]     33:     0x55eccbdb83f5 - std::panic::catch_unwind::ha3e2192625bb4844
[INFO] [stderr]                                  at /rustc/e6e4f7ed1589e03bc2f6c5931c1a72e7947e8682/library/std/src/panic.rs:142:14
[INFO] [stderr]     34:     0x55eccbdb83f5 - std::rt::lang_start_internal::hbd6687884d030770
[INFO] [stderr]                                  at /rustc/e6e4f7ed1589e03bc2f6c5931c1a72e7947e8682/library/std/src/rt.rs:148:20
[INFO] [stderr]     35:     0x55eccbd310d7 - std::rt::lang_start::h4630bb37853b9d02
[INFO] [stderr]     36:     0x55eccbd308e5 - main
[INFO] [stderr]     37:     0x7f150ac8cd90 - <unknown>
[INFO] [stderr]     38:     0x7f150ac8ce40 - __libc_start_main
[INFO] [stderr]     39:     0x55eccbd2be25 - _start
[INFO] [stderr]     40:                0x0 - <unknown>
[INFO] [stderr] warning: build failed, waiting for other jobs to finish...
[INFO] running `Command { std: "docker" "inspect" "eb3639836e6cf491e965c188c8b0f8a6190c5874e657bc08b23f202f33f6c2d4", kill_on_drop: false }`
[INFO] running `Command { std: "docker" "rm" "-f" "eb3639836e6cf491e965c188c8b0f8a6190c5874e657bc08b23f202f33f6c2d4", kill_on_drop: false }`
[INFO] [stdout] eb3639836e6cf491e965c188c8b0f8a6190c5874e657bc08b23f202f33f6c2d4
